 divided by m.
5
Suppose 4*m = x + 5, m + 40 = -33*x + 37*x. What is the remainder when 394 is divided by x?
9
Let x(f) = f**2 + 4*f + 2. Suppose 2*y = 2*u - 3*y - 95, 0 = -4*u - y + 157. Let g be u/6*(-6)/5. What is the remainder when x(g) is divided by 12?
10
Let t(z) = -z**3 + 9*z**2 - 4*z - 1. Let x be t(9). Let p = -24 - x. Suppose -u - u + 14 = 0. Calculate the remainder when p is divided by u.
6
Suppose 0 = -m - 5, -m - 39 = -2*u + 4*m. Suppose -u*n + 40 = -2*n. Calculate the remainder when n is divided by 3.
2
Let z(i) = -i - 7. Let a be (-12)/30*2*5. Let o be z(a). Let v = 3 - o. Calculate the remainder when 9 is divided by v.
3
Suppose q - 4*q - 4*c = 84, -5*q = -5*c + 140. Let g = -32 - -58. What is the remainder when g is divided by 0 - q/8*2?
5
Let f(b) be the third derivative of -b**6/20 - b**5/15 - b**4/8 - b**3/6 - 6*b**2. What is the remainder when f(-3) is divided by 34?
32
Let b(o) = -o**3 + 8*o**2 + 14*o - 86. What is the remainder when 217 is divided by b(8)?
9
Suppose 0 = -10*j - 10*j + 2120. What is the remainder when j is divided by 12?
10
Suppose 3*m = y + 11, -3*y + 0*m = 3*m - 27. Calculate the remainder when y is divided by 3.
1
Suppose 2*t - 116 = -2*q, 5*t = 6*t - 4*q - 78. Calculate the remainder when 193 is divided by 1*-3 + (-7)/(-14)*t.
25
Let c(j) = -8*j + 31. Let q(a) = -4*a + 15. Let h(b) = -6*c(b) + 11*q(b). Let k(w) = w**3 - 2*w - 1. What is the remainder when k(3) is divided by h(8)?
9
Let x = 410 + -330. What is the remainder when x is divided by 22?
14
Let x = -201 + 315. Suppose 4*r = -0*r + 264. Suppose r + 21 = 3*v. Calculate the remainder when x is divided by v.
27
Suppose -4*u + 4*p - p + 504 = 0, 2*u - 3*p - 246 = 0. Calculate the remainder when u is divided by 115.
14
Let d be (-6)/(-9) - 282/(-9). Suppose -8 = 4*b - d. Calculate the remainder when 23 is divided by b.
5
Suppose -2*z + 13 = o + 2*o, 4*z + 1 = 3*o. Let k(r) = 2*r**3 - r**2 + 4*r - 4. What is the remainder when k(o) is divided by (132/(-54)*-9)/2?
9
Let u(l) = -l**2 - 4*l - 2. Let g(s) = s**2 + 8*s + 8. Calculate the remainder when g(-7) is divided by u(-1).
0
Let p(q) = 9*q**2. What is the remainder when (-2 + 54)*(-15)/(-30) is divided by p(-1)?
8
Suppose -4*q = -0*q + 5*o - 229, 5*q + o = 281. What is the remainder when 189 is divided by q?
21
Suppose -4*t = n - 5, 7*n - 3*n = 4. Suppose 5*l + 110 = -5*c, -c + 2 = t. Let i = 24 + l. What is the remainder when i is divided by 1?
0
Suppose -14*f + 13*f = -50. Calculate the remainder when 13 is divided by 2/(-10) - (-360)/f.
6
Let m = 3 - -50. Suppose -36 = -m*r + 49*r. What is the remainder when 37 is divided by r?
1
Suppose 21*q + 24*q - 12780 = 0. What is the remainder when q is divided by 8?
4
Let y be (-1)/((-6)/510*5). Let x be 2/(-8) - (-34)/8. Calculate the remainder when (-7)/x*(-68)/y is divided by 4.
3
Suppose 5*i - 4*p - 2 = 4*i, 0 = -5*i + 3*p + 27. Calculate the remainder when i is divided by (1 - 4)/(2/(-2)).
0
Suppose 2*l - 62 = 2*h, 5*h = 2*l - 3*l + 1. Suppose -4 = t, -2*t - t + l = 2*f. Let m(j) = -5*j + 1. What is the remainder when m(-7) is divided by f?
17
Suppose 157*o - 169*o = -216. Let k = 9 + -5. Suppose k*h - o - 50 = 0. What is the remainder when h is divided by 6?
5
Suppose z - 4*u + 156 = 0, 2*z + 288 = 4*u - 8. Let s = z - -151. Calculate the remainder when 29 is divided by s.
7
Let m(g) = 3*g - 22. Let h(j) = 2*j - 23 + 2*j + 0*j. Let n(d) = 4*h(d) - 5*m(d). Calculate the remainder when 26 is divided by n(-11).
5
Let c = 43 - 171. Let g = c - -164. Calculate the remainder when g is divided by 22.
14
Let i(n) = -n**2 - 11*n + 7. Suppose -208 = -8*r + 120. Calculate the remainder when r is divided by i(-11).
6
Suppose 2*u + 2 = f, -5 - 20 = -5*u. Let j be ((-6)/f)/((-2)/168). Let z = -29 + j. Calculate the remainder when 36 is divided by z.
10
Suppose q + 0*q = 4. What is the remainder when 53 is divided by 14/4*(q - 0)?
11
Suppose -2*l = -7*l + 3*q + 9, -2*l + 15 = -5*q. Calculate the remainder when 15 is divided by (-1)/((-2)/6) - (l + -6).
6
Suppose -5*f + p = -279, 0*f + 5*p = 2*f - 130. Calculate the remainder when f is divided by 19.
17
Let w = -40 - -47. Suppose -w = -2*o + 35. Let n(h) = 7*h**2 - h. What is the remainder when o is divided by n(-1)?
5
Suppose 3*g = -r + 368, -3*g - 116 = -4*g + 3*r. What is the remainder when g is divided by 56?
10
Let w(l) = l**2 - 2*l + 2. Let i = 15 - 13. Suppose -2*q = -p, -9*p + 4*p = 2*q - 24. Calculate the remainder when q is divided by w(i).
0
Let b(n) = 2*n + 477. What is the remainder when b(-29) is divided by 17?
11
Let k(z) = 17*z + 303. What is the remainder when 362 is divided by k(-17)?
12
Suppose -3*r + j - 6*j - 124 = 0, 20 = 5*j. Let l = -20 - r. What is the remainder when l is divided by 10?
8
Let v = 403 + -230. Calculate the remainder when v is divided by 18.
11
Let l be (-3)/(5 - 7 - (2 - 1)). Calculate the remainder when 15 is divided by (-6*5/(-40))/(l/8).
3
What is the remainder when 212 is divided by (-440)/(-16)*4/2?
47
Let d = -13 + 17. Suppose d*v + 12 = 4*m, 0 = 4*m - v - 6 - 0. Let y(r) = 11*r**2 - 3*r + 2. Calculate the remainder when y(m) is divided by 6.
4
Suppose -5*c + y + 22 = -2, -3 = -3*y. What is the remainder when 49 is divided by c?
4
Suppose -2*q + 3 = 1. Let j be (-1)/q + -2 - -14. Let i = j + -8. Calculate the remainder when 8 is divided by i.
2
Let w(s) = s**2 - 15*s + 8. Let h = 45 - 30. What is the remainder when 11 is divided by w(h)?
3
Suppose 226 + 852 = 14*s. Calculate the remainder when 538 is divided by s.
76
Let u = 11 + 16. What is the remainder when (117/27)/(3/36) is divided by u?
25
Let h = -58 - -59. Suppose 3*o - 2 - 3 = -n, h = o + n. What is the remainder when 10 is divided by o?
0
Let f be ((-32)/48)/(1/((-63)/6)). Suppose -4*r + 2*d = -3*d - 113, r - f = -3*d. What is the remainder when 129 is divided by r?
19
Suppose -4*w + 236 = 3*c, -5*w - 142*c + 138*c + 295 = 0. Suppose 3*j - 4*a = -0*j + 56, 5*j - 70 = 2*a. What is the remainder when w is divided by j?
11
Suppose -5*j + 450 = -565. What is the remainder when j is divided by 51?
50
Let v be (2/6)/((-1)/(-15)). Suppose -v*s + 48 = c + 2*c, 5*c - 2*s - 49 = 0. Let h(t) = -3*t**2 + 9*t + 85. What is the remainder when h(6) is divided by c?
9
Let g be (17 - 1)/(-4) - -3. Let a = 18 + -11. Calculate the remainder when 276/21 - g/(-7) is divided by a.
6
Suppose -5*q + 3*f + 93 = 0, 3*q - 58 = 5*f - f. What is the remainder when 191 is divided by q?
11
Let z(s) = -1 - 27*s - 2 + 4. Let t be z(1). Let m = -16 - t. Calculate the remainder when 17 is divided by m.
7
Suppose 3*o + x - 1252 = 909, 0 = -o - 5*x + 697. Calculate the remainder when o is divided by 145.
142
Suppose -g = a - 72, -3*g + 4*g - a - 78 = 0. What is the remainder when g is divided by 10?
5
Let j = -255 - -259. Let w = -6 + 10. Suppose -c = -3*c + w, t - 3*c = 3. Calculate the remainder when t is divided by j.
1
Let y(z) = -z**2 - 6*z - 14. Suppose -2*v = -9*v + 56. Let x be y(v). Let j = -72 - x. What is the remainder when j is divided by 19?
16
Suppose -44*k + 387 = -35*k. Calculate the remainder when 124 is divided by k.
38
Let t(q) = -q**3 + 8*q**2 - 8*q + 5. Let x be t(7). Let a = 6 + x. What is the remainder when 7 is divided by 1/((6/a)/3)?
1
Suppose -5*s = w - 80, w = -3*w - 20. Calculate the remainder when s is divided by 70/6 - (-5)/(-3).
7
Let y be -19 - ((-2 - 1) + 0). Let f = y + 10. Calculate the remainder when 105 is divided by 24 + f*4/(-8).
24
Suppose 8 + 102 = 5*y. Suppose x - 404 = -0*x - 3*u, 2*x - 823 = -3*u. Suppose -x + 99 = -5*i. What is the remainder when i is divided by y?
20
Let u = -44 + 120. Suppose u = 4*a + 2*j - 26, -2*j - 48 = -2*a. Suppose -5*d = -4*y - a, -3*y = -2*y. What is the remainder when 14 is divided by d?
4
Suppose 3*i + 4*x + 97 - 395 = 0, -4*i - 2*x = -384. Let o = i - 73. Suppose 119 + 47 = 2*t. Calculate the remainder when t is divided by o.
20
Let m = 5 - 8. Let y(o) = -o + 1. What is the remainder when ((-6)/9)/((-12)/90) is divided by y(m)?
1
Let r(g) = g - 1. Let n be r(4). Suppose -2*c + n*c + 5*q = 101, -5*q = -c + 81. What is the remainder when c is divided by 23?
22
Let y = -158 - -173. What is the remainder when 49 is divided by y?
4
Let k be (-20)/(51/(-15) - -3) - 0. L